f w?
9
Suppose 0 = -3*c + 4*c + 3. Let n be (-3)/(c/(-234)*3). Let b = n + 185. What is the units digit of b?
7
Suppose -4*d = v - 1701, v - 2*v = -2*d + 843. Let h be (6/(-5))/(5 + (-45318)/9060). Let j = h - d. What is the tens digit of j?
8
Suppose -2*k + 118864 = 3*n, 0 = 289*k - 285*k - 8. What is the thousands digit of n?
9
Let o(h) = 4*h - 52. Let g be o(25). What is the units digit of (-203)/(-5) + (g/10)/(-8)?
0
Suppose -316*u = -318*u + 63992. Suppose -58*s + u = -39*s. What is the tens digit of s?
8
Let s(i) = i**3 + 4*i**2 + 2*i - 2. Let z be s(-2). Suppose -12 = -p - 0*t + 4*t, 90 = 4*p - z*t. What is the units digit of (-544)/p*3/(-2)?
4
Suppose k - 48 = -4*b - 3*k, 2*b + 3*k = 25. Suppose -49140 = -19*p - b*p. What is the units digit of p?
8
Suppose 5*f - o = 2016, 2*o + 2*o - 399 = -f. Let c = f - -1120. What is the hundreds digit of c?
5
Suppose 226*a - 856167 = 187*a. What is the units digit of a?
3
Let u be (-2)/(-2) - 3*(0 + -1). Let f(i) = -u*i**2 + 6 + i**3 - 7*i + 7*i + 2*i. What is the units digit of f(4)?
4
Suppose 4*p = -5*w + 87, 42 + 9 = 3*w + 2*p. Suppose -2*k - 11*l = -w*l - 792, 4*l = -2*k + 824. What is the tens digit of k?
0
Let d be 1 + (-33 - -2 - -5). What is the tens digit of (2014/2)/(5/d*-5)?
0
Let a(z) = -34*z**3 - 13*z**2 - z - 83. What is the tens digit of a(-8)?
0
Suppose -3*h - 4*y = -0*y - 5, -5*y + 1 = 2*h. Suppose 2*m - 5*k = -1839, 5*m + 2803 = -4*k - 1745. What is the tens digit of (3/2)/(h/m*-12)?
3
Let p(t) = -7*t - 46. Let b be p(-7). Suppose b*a - 4*a + 314 = -2*w, 5*a - 5*w - 1595 = 0. What is the units digit of a?
4
Let y = -151 + 348. Suppose y + 188 = 5*d. What is the units digit of d?
7
Suppose -2 = 5*p - p - h, -5*p + 6 = 3*h. Suppose t + 43 - 249 = p. Suppose -2*q = v + 3*v - t, 105 = q + 4*v. What is the tens digit of q?
0
Let s = 12494 + 127. What is the hundreds digit of s?
6
Let g = 1086 + -656. Suppose 0 = -o + 1, -2*r + o = -3*o - g. What is the hundreds digit of r?
2
Suppose 3*q - 8*q = 3*v + 85, -3*q - 45 = 3*v. Let z(w) be the second derivative of w**4/12 + 8*w**3/3 - 21*w**2 - 365*w. What is the tens digit of z(q)?
3
Suppose -6*z + 7*z - 158 = 0. Suppose -2*u - z = -828. Suppose 0 = 6*w - w - u. What is the units digit of w?
7
Let g = 583 - 590. What is the hundreds digit of (231/g + -1)*(-51)/6?
2
Let o = -359 - -332. What is the hundreds digit of 20/(-15) - 21015/o?
7
Suppose -47400 = 16*d - 205224. What is the tens digit of d?
6
Let z = 253 - -38. Let h = -67 + z. What is the hundreds digit of h?
2
What is the ten thousands digit of (4/10)/(4/202240)?
2
Let j(y) = -10*y**3 - 2*y**2 - 9*y - 6. Let p(o) = -o**3 - o**2 - o + 2. Let c(b) = j(b) - 3*p(b). What is the units digit of c(-4)?
6
Let r be 78 + -5 + 10 + -7. Let q be 6 + (-4 - -2*1). Suppose -5*f - r = -j, 304 = q*j - 3*f - 0*f. What is the tens digit of j?
7
Let w(l) = -2*l - 7. Let y be w(3). Let f = y + 15. Suppose 0 = -4*p - 3*i + 40, 0 = 3*p - f*i - 13 - 34. What is the tens digit of p?
1
Suppose -22*z + 44*z - 13*z = 114939. What is the tens digit of z?
7
What is the hundreds digit of 7732*(((-48)/88)/1 - (-34)/22)?
7
Let w be 2/16*4*288. Suppose q = 3*l - 19 + 5, -2*l = -2*q - 12. Suppose a - 29 = -l*p, 4*p = -5*a + w + 33. What is the units digit of a?
7
Suppose -2*l + 5*l + 5*x + 15 = 0, 2*l - x - 3 = 0. Suppose -11*g + 5*g + 3678 = l. What is the hundreds digit of g?
6
Let r be (-31)/(-11) + 8/(-44)*-1. Let z = r - -153. What is the units digit of z?
6
Let a = -821 - -28483. What is the tens digit of a?
6
Suppose -22*x + 12 = -19*x. Suppose 0 = -4*m - 4*c + 1212, -x*m = -0*m - 3*c - 1240. What is the units digit of m?
7
Suppose -4*n - 21792 + 54651 + 51521 = 0. What is the ten thousands digit of n?
2
Let l = 1315 + 6385. What is the thousands digit of l?
7
Suppose 240 = -3*s + 7*s. Suppose 2*w - s = 4*i, 0*i - 2*i - 166 = -5*w. Suppose 0 = -3*y - 5*p + 146, y + 0*p - 2*p = w. What is the tens digit of y?
4
Suppose -3*g = 127*d - 125*d - 23859, d = -4*g + 11922. What is the thousands digit of d?
1
Suppose 2*o - 20 = 5*z, 5*o + 0*z = -5*z + 15. Suppose -o*s - g = -1706, -5*g + 1714 = 5*s - 6*g. What is the hundreds digit of s?
3
Let k(i) = 38*i**2 - 14. Let w = 187 + -184. What is the units digit of k(w)?
8
Let a(f) = -f**2 + 2*f + 10. Let n be a(-3). Let v be (-5 - -2)*n/3. Suppose -5*x + 2*w = -483, 3*w - v*w = x - 87. What is the tens digit of x?
9
Suppose 7*i - 2*i + 699363 = 68*i. What is the hundreds digit of i?
1
Let i(o) = -277*o**2 + 2*o. Let w be i(-1). What is the hundreds digit of 11 - 9 - (1 + w)?
2
Suppose 12*q = 11*q - 1126. Let k = q - -2104. What is the units digit of k?
8
Let a = 11715 + -6521. What is the tens digit of a?
9
Suppose 2*o + t - 117222 = 0, -2584*o = -2583*o - t - 58599. What is the tens digit of o?
0
Suppose 2 = 8*m - 46. Let u be m/12*-6 + (-1 - -2). What is the hundreds digit of ((-98 - u)/(-2))/((-6)/(-20))?
1
Let k(a) be the third derivative of 0*a + 0 + 0*a**4 - a**2 + 7/3*a**3 + 1/30*a**5. What is the tens digit of k(-7)?
1
Suppose 1571284 = 50*x + 35*x - 3*x. What is the tens digit of x?
6
Let o = 21678 + -14790. What is the thousands digit of o?
6
Let y = 7 - 2. Suppose y*n = 1 + 9. Suppose 0 = n*t + t - 213. What is the units digit of t?
1
Let x be 8 - (-3 - -4) - (1 + 1). Suppose 0*t - 5*t + 40 = x*k, -t + 4*k - 7 = 0. Suppose -2*l - 62 = 3*y - 348, t*y = l + 468. What is the tens digit of y?
9
Let y(v) = -48*v**3 - 3*v**2 - 2*v. Let h be y(-1). Let i = h - 40. What is the units digit of i?
7
Let g = 2454 - -2330. Suppose -g = -13*s - 13. What is the units digit of s?
7
Let w(r) = -13*r**3 + 39*r**2 - 35*r - 240. What is the thousands digit of w(-12)?
8
Let o(f) = 1790*f + 1310. What is the units digit of o(4)?
0
Let t(z) = -z**2 + z + 14. Let j = 14 + 72. Let h = j + -86. What is the units digit of t(h)?
4
Let j(i) = -521*i - 2543. What is the tens digit of j(-48)?
6
Let l(o) = o**3 - 6*o**2 - 6*o - 5. Let w be l(7). Suppose -10 = 2*r, 0 = -3*s + 7*s + 5*r + 201. What is the units digit of w/2 - (-3 + s)?
8
Let u be 0/(-3)*12/24. Suppose 10*c + 258 - 2818 = u. What is the units digit of c?
6
Let j(i) = 507*i**3 + i**2 - 5*i + 3. Let k be j(1). Suppose 5*u = 574 + k. Let s = u + -100. What is the tens digit of s?
1
Let x be (-2)/(-3) - (-21)/9. Suppose 0 = 2*q + x*v - 593, -q - 3*q + v = -1151. What is the tens digit of q?
8
Let r = -3137 - -3249. What is the hundreds digit of r?
1
Suppose 3*p = -r - r - 3, 5*r = -p - 1. What is the hundreds digit of (495/(-6) - r)*(-100)/15?
5
Suppose 240775 = 74*d - 266421. What is the units digit of d?
4
Suppose -25 = -8*y + 7. Let a(r) = -19*r + 77. What is the units digit of a(y)?
1
Let w be (-848)/(-8) + 2*2. Let q = 146 + w. What is the tens digit of q?
5
Let t(p) = 3*p**2 + 10*p - 3. Let c(l) = 7*l + 9. Let s be c(-2). Let o be t(s). Let k = o + 11. What is the tens digit of k?
3
Let w(q) be the second derivative of 3*q**4/2 + 4*q**3/3 - 18*q**2 - 2*q + 94. What is the hundreds digit of w(6)?
6
Let i(w) = -4*w**2 + 259*w + 79. What is the tens digit of i(65)?
1
Let h(v) = -104 - 121 - 114 + 413 + 16*v. What is the hundreds digit of h(19)?
3
Let p be (99/21)/((-14)/(-98)). What is the hundreds digit of (-1)/2*p/((-99)/6834)?
1
Let h(v) = 7*v**2 - 30*v + 73. Suppose 3*u + 60 = 4*m + 6*u, 3*m + 3*u - 45 = 0. What is the thousands digit of h(m)?
1
Let c = 295 + -173. Suppose 5*o + 49 = 4*w - 83, 3*w = -2*o + c. What is the units digit of w?
8
Suppose -16*f + 18*f = 12. Suppose -f = -2*l - 2*k, -5*l + 4 = 2*k - 8. Suppose -89 = -2*z + z + 3*b, -l*z - 5*b = -167. What is the tens digit of z?
8
Let u = -7226 - -10452. What is the units digit of u?
6
Suppose 4*s + 3*f - 11962 = 0, -2*s - 810 + 6770 = 5*f. What is the tens digit of s?
9
Let p = -14251 - -35140. What is the hundreds digit of p?
8
Let r be (-18)/4*132/(-198). Let w(l) = 73*l**2 - 5*l. What is the tens digit of w(r)?
4
Let s(w) = w**3 + 9*w**2 - 23*w - 17. Let o be s(-11). Let t(p) = -4*p**3 + 4*p**2 + 13*p + 42. What is the units digit of t(o)?
2
Let t be 4/2 - 12/(-6) - -2. Suppose i = t - 2. Suppose -2*b + 4*k = -b - 22, -i*b = 2*k + 2. What is the units digit of b?
2
Let y = -269 - -293. Suppose 7590 = -9*q + y*q. What is the hundreds digit of q?
5
Let m = 18477